{"id":2366,"date":"2022-07-01T00:07:17","date_gmt":"2022-06-30T22:07:17","guid":{"rendered":"https:\/\/www.frutas-biobena.com\/produkt\/limones-ecologicos-primofiori\/"},"modified":"2022-07-20T18:49:44","modified_gmt":"2022-07-20T16:49:44","slug":"comprar-limon-ecologico-2","status":"publish","type":"product","link":"https:\/\/www.frutas-biobena.com\/es\/producto\/comprar-limon-ecologico-2\/","title":{"rendered":"Comprar Lim\u00f3n ecol\u00f3gico"},"content":{"rendered":"<h3>Fant\u00e1stico lim\u00f3n ecol\u00f3gico<\/h3>\n<figure id=\"attachment_2108\" aria-describedby=\"caption-attachment-2108\" style=\"width: 300px\" class=\"wp-caption alignright\"><a href=\"https:\/\/www.frutas-biobena.com\/wp-content\/uploads\/2017-02-03_12-55-24.jpg\"><img loading=\"lazy\" decoding=\"async\" class=\"wp-image-2108 size-medium\" src=\"https:\/\/www.frutas-biobena.com\/wp-content\/uploads\/\/2017-02-03_12-55-24-300x225.jpg\" alt=\"Comprar Lim\u00f3n ecol\u00f3gico Primofiori\" width=\"300\" height=\"225\" srcset=\"https:\/\/www.frutas-biobena.com\/wp-content\/uploads\/2017-02-03_12-55-24-300x225.jpg 300w, https:\/\/www.frutas-biobena.com\/wp-content\/uploads\/2017-02-03_12-55-24-416x312.jpg 416w, https:\/\/www.frutas-biobena.com\/wp-content\/uploads\/2017-02-03_12-55-24-1024x768.jpg 1024w, https:\/\/www.frutas-biobena.com\/wp-content\/uploads\/2017-02-03_12-55-24.jpg 1600w\" sizes=\"auto, (max-width: 300px) 100vw, 300px\" \/><\/a><figcaption id=\"caption-attachment-2108\" class=\"wp-caption-text\">Comprar Lim\u00f3n ecol\u00f3gico Primofiori<\/figcaption><\/figure>\n<p>Comprar Lim\u00f3n Primofiori de cultivo ecol\u00f3gico controlado. Nuestros limones proceden exclusivamente de fincas ecol\u00f3gicas certificadas de la comarca de la Axarqu\u00eda, provincia de M\u00e1laga-Andaluc\u00eda. El clima subtropical del sur de Andaluc\u00eda es ideal para el cultivo de c\u00edtricos.<\/p>\n<p>El lim\u00f3n Primofiori tiene una forma el\u00edptica y una piel muy fina. Contiene especialmente mucho zumo, tiene pocas semillas, un sabor intenso y una elevada proporci\u00f3n de \u00e1cido c\u00edtrico.<\/p>\n<p>\u00c9poca de cosecha de nuestros limones Primofiori: de mediados de agosto a finales de abril.<\/p>\n<h3><span class=\"VIiyi\" lang=\"de\"><span class=\"JLqJ4b ChMk0b\" data-language-for-alternatives=\"de\" data-language-to-translate-into=\"es\" data-phrase-index=\"3\" data-number-of-phrases=\"4\"><span class=\"Q4iAWc\">\u00a1Nuestro lim\u00f3n es \u00fanico!<\/span><\/span><\/span><\/h3>\n<p>Antes de comprar lim\u00f3n debe saber que nuestros limones no est\u00e1n madurados artificialmente y la piel no est\u00e1 tratada. En septiembre, la piel es de color verde claro y tiene jugo. Tambi\u00e9n se informa de que los diferentes frutos obtenidos cambian su forma durante el a\u00f1o de cosecha, la piel puede ser m\u00e1s rugosa o m\u00e1s fina, tener un tama\u00f1o diferente y tener m\u00e1s o menos semillas.<\/p>\n<h3>La variedad Primofiori<\/h3>\n<figure id=\"attachment_2076\" aria-describedby=\"caption-attachment-2076\" style=\"width: 300px\" class=\"wp-caption alignleft\"><a href=\"https:\/\/www.frutas-biobena.com\/wp-content\/uploads\/DSC02435.jpg\"><img loading=\"lazy\" decoding=\"async\" class=\"size-medium wp-image-2076\" src=\"https:\/\/www.frutas-biobena.com\/wp-content\/uploads\/\/DSC02435-300x225.jpg\" alt=\"Lim\u00f3n ecol\u00f3gico\" width=\"300\" height=\"225\" srcset=\"https:\/\/www.frutas-biobena.com\/wp-content\/uploads\/DSC02435-300x225.jpg 300w, https:\/\/www.frutas-biobena.com\/wp-content\/uploads\/DSC02435-416x312.jpg 416w, https:\/\/www.frutas-biobena.com\/wp-content\/uploads\/DSC02435-1024x768.jpg 1024w\" sizes=\"auto, (max-width: 300px) 100vw, 300px\" \/><\/a><figcaption id=\"caption-attachment-2076\" class=\"wp-caption-text\">Lim\u00f3n ecol\u00f3gico<\/figcaption><\/figure>\n<p>La variedad de nuestro lim\u00f3n se llama Primofiori. Tiene la caracter\u00edstica de tener una piel muy fina en su cosecha principal, que es la m\u00e1s temprana de Espa\u00f1a y posiblemente de Europa.<\/p>\n<p>&nbsp;<\/p>\n<p>&nbsp;<\/p>\n","protected":false},"excerpt":{"rendered":"<h4>Nuestro fant\u00e1stico lim\u00f3n ecol\u00f3gico<\/h4>\n<p>Comprar lim\u00f3n Primofiori de cultivo ecol\u00f3gico controlado. Pa\u00eds de origen: Espa\u00f1a<\/p>\n<p><strong>El precio final incluye los gastos de transporte (con GLS) y el IVA.<\/strong><\/p>\n<p><strong>Seg\u00fan la nueva reforma del IVA de la UE, el IVA se ajusta autom\u00e1ticamente al pa\u00eds de entrega.<\/strong><\/p>\n","protected":false},"featured_media":2698,"comment_status":"closed","ping_status":"closed","template":"","meta":[],"product_brand":[],"product_cat":[89],"product_tag":[111,173,135,167],"class_list":{"0":"post-2366","1":"product","2":"type-product","3":"status-publish","4":"has-post-thumbnail","6":"product_cat-citricos-ecologicos","7":"product_tag-ecologico","8":"product_tag-limones","9":"product_tag-limones-ecologicos","10":"product_tag-primofiori-es","12":"first","13":"instock","14":"featured","15":"taxable","16":"shipping-taxable","17":"product-type-variable"},"_links":{"self":[{"href":"https:\/\/www.frutas-biobena.com\/es\/wp-json\/wp\/v2\/product\/2366","targetHints":{"allow":["GET"]}}],"collection":[{"href":"https:\/\/www.frutas-biobena.com\/es\/wp-json\/wp\/v2\/product"}],"about":[{"href":"https:\/\/www.frutas-biobena.com\/es\/wp-json\/wp\/v2\/types\/product"}],"replies":[{"embeddable":true,"href":"https:\/\/www.frutas-biobena.com\/es\/wp-json\/wp\/v2\/comments?post=2366"}],"wp:featuredmedia":[{"embeddable":true,"href":"https:\/\/www.frutas-biobena.com\/es\/wp-json\/wp\/v2\/media\/2698"}],"wp:attachment":[{"href":"https:\/\/www.frutas-biobena.com\/es\/wp-json\/wp\/v2\/media?parent=2366"}],"wp:term":[{"taxonomy":"product_brand","embeddable":true,"href":"https:\/\/www.frutas-biobena.com\/es\/wp-json\/wp\/v2\/product_brand?post=2366"},{"taxonomy":"product_cat","embeddable":true,"href":"https:\/\/www.frutas-biobena.com\/es\/wp-json\/wp\/v2\/product_cat?post=2366"},{"taxonomy":"product_tag","embeddable":true,"href":"https:\/\/www.frutas-biobena.com\/es\/wp-json\/wp\/v2\/product_tag?post=2366"}],"curies":[{"name":"wp","href":"https:\/\/api.w.org\/{rel}","templated":true}]}}

Comprar Limón ecológico

<h3>Fantástico limón ecológico</h3>
<figure id="attachment_2108" aria-describedby="caption-attachment-2108" style="width: 300px" class="wp-caption alignright"><a href="https://www.frutas-biobena.com/wp-content/uploads/2017-02-03_12-55-24.jpg"><img loading="lazy" decoding="async" class="wp-image-2108 size-medium" src="https://www.frutas-biobena.com/wp-content/uploads//2017-02-03_12-55-24-300x225.jpg" alt="Comprar Limón ecológico Primofiori" width="300" height="225" srcset="https://www.frutas-biobena.com/wp-content/uploads/2017-02-03_12-55-24-300x225.jpg 300w, https://www.frutas-biobena.com/wp-content/uploads/2017-02-03_12-55-24-416x312.jpg 416w, https://www.frutas-biobena.com/wp-content/uploads/2017-02-03_12-55-24-1024x768.jpg 1024w, https://www.frutas-biobena.com/wp-content/uploads/2017-02-03_12-55-24.jpg 1600w" sizes="auto, (max-width: 300px) 100vw, 300px" /></a><figcaption id="caption-attachment-2108" class="wp-caption-text">Comprar Limón ecológico Primofiori</figcaption></figure>
<p>Comprar Limón Primofiori de cultivo ecológico controlado. Nuestros limones proceden exclusivamente de fincas ecológicas certificadas de la comarca de la Axarquía, provincia de Málaga-Andalucía. El clima subtropical del sur de Andalucía es ideal para el cultivo de cítricos.</p>
<p>El limón Primofiori tiene una forma elíptica y una piel muy fina. Contiene especialmente mucho zumo, tiene pocas semillas, un sabor intenso y una elevada proporción de ácido cítrico.</p>
<p>Época de cosecha de nuestros limones Primofiori: de mediados de agosto a finales de abril.</p>
<h3><span class="VIiyi" lang="de"><span class="JLqJ4b ChMk0b" data-language-for-alternatives="de" data-language-to-translate-into="es" data-phrase-index="3" data-number-of-phrases="4"><span class="Q4iAWc">¡Nuestro limón es único!</span></span></span></h3>
<p>Antes de comprar limón debe saber que nuestros limones no están madurados artificialmente y la piel no está tratada. En septiembre, la piel es de color verde claro y tiene jugo. También se informa de que los diferentes frutos obtenidos cambian su forma durante el año de cosecha, la piel puede ser más rugosa o más fina, tener un tamaño diferente y tener más o menos semillas.</p>
<h3>La variedad Primofiori</h3>
<figure id="attachment_2076" aria-describedby="caption-attachment-2076" style="width: 300px" class="wp-caption alignleft"><a href="https://www.frutas-biobena.com/wp-content/uploads/DSC02435.jpg"><img loading="lazy" decoding="async" class="size-medium wp-image-2076" src="https://www.frutas-biobena.com/wp-content/uploads//DSC02435-300x225.jpg" alt="Limón ecológico" width="300" height="225" srcset="https://www.frutas-biobena.com/wp-content/uploads/DSC02435-300x225.jpg 300w, https://www.frutas-biobena.com/wp-content/uploads/DSC02435-416x312.jpg 416w, https://www.frutas-biobena.com/wp-content/uploads/DSC02435-1024x768.jpg 1024w" sizes="auto, (max-width: 300px) 100vw, 300px" /></a><figcaption id="caption-attachment-2076" class="wp-caption-text">Limón ecológico</figcaption></figure>
<p>La variedad de nuestro limón se llama Primofiori. Tiene la característica de tener una piel muy fina en su cosecha principal, que es la más temprana de España y posiblemente de Europa.</p>
<p>&nbsp;</p>
<p>&nbsp;</p>

<h4>Nuestro fantástico limón ecológico</h4>
<p>Comprar limón Primofiori de cultivo ecológico controlado. País de origen: España</p>
<p><strong>El precio final incluye los gastos de transporte (con GLS) y el IVA.</strong></p>
<p><strong>Según la nueva reforma del IVA de la UE, el IVA se ajusta automáticamente al país de entrega.</strong></p>
