{"id":4396,"date":"2023-12-13T22:31:41","date_gmt":"2023-12-13T20:31:41","guid":{"rendered":"https:\/\/www.frutas-biobena.com\/produkt\/avocat-hass-bio-2\/"},"modified":"2024-01-04T22:43:42","modified_gmt":"2024-01-04T20:43:42","slug":"avocat-hass-bio-2","status":"publish","type":"product","link":"https:\/\/www.frutas-biobena.com\/fr\/produit\/avocat-hass-bio-2\/","title":{"rendered":"Avocat Hass bio"},"content":{"rendered":"<h3>Avocat Hass bio issu de l&rsquo;agriculture biologique contr\u00f4l\u00e9e.<\/h3>\n<p>Nos avocats bio proviennent exclusivement de fincas certifi\u00e9es bio de la comarca de l&rsquo;Axarquia, r\u00e9gion de M\u00e1laga-Andalousie. Le climat suptropical du sud de l&rsquo;Andalousie se pr\u00eate parfaitement \u00e0 la culture de fruits tropicaux.<\/p>\n<p>L&rsquo;avocat de la vari\u00e9t\u00e9 Hass a une forme ronde et ovo\u00efde. Elle p\u00e8se en moyenne 90 \u00e0 350 g. La peau est \u00e9paisse avec une texture rugueuse. Le fruit s&rsquo;\u00e9pluche tr\u00e8s facilement. La chair est de couleur blanche \u00e0 verd\u00e2tre, elle est molle et a un go\u00fbt de noisette. La teneur en huile est comprise entre 18% et 23%.<\/p>\n<h3>Le temps de la r\u00e9colte.<\/h3>\n<p>P\u00e9riode de r\u00e9colte de notre Avocado Hass : Novembre \u00e0 avril<\/p>\n<p>Nos avocats bio sont r\u00e9colt\u00e9s juste avant leur pleine maturit\u00e9. Il est donc fort possible que l&rsquo;avocat bio que vous recevez de notre part ait encore besoin de quelques jours pour atteindre sa pleine maturit\u00e9.<\/p>\n<p>Les avocats m\u00fbrs de la vari\u00e9t\u00e9 Hass c\u00e8dent l\u00e9g\u00e8rement \u00e0 la pression et la couleur de la peau devient noire.<\/p>\n<p>Les avocats m\u00fbrissent plus rapidement \u00e0 temp\u00e9rature ambiante. Ils peuvent \u00e9galement \u00eatre conserv\u00e9s sans risque pendant une p\u00e9riode prolong\u00e9e au r\u00e9frig\u00e9rateur.<\/p>\n","protected":false},"excerpt":{"rendered":"<p>Avocat Hass bio (non tri\u00e9 par pi\u00e8ce 90 &#8211; 350g) issu de l&rsquo;agriculture biologique contr\u00f4l\u00e9e. Pays d&rsquo;origine : Espagne<\/p>\n<p><strong>Le prix final comprend les frais de transport (avec GLS) et la TVA.<\/strong><\/p>\n<p><strong>Selon la nouvelle r\u00e9forme de la TVA de l&rsquo;UE, la TVA est automatiquement adapt\u00e9e au pays de livraison.<\/strong><\/p>\n","protected":false},"featured_media":4288,"comment_status":"closed","ping_status":"closed","template":"","meta":[],"product_brand":[],"product_cat":[87],"product_tag":[108,112,110,132],"class_list":{"0":"post-4396","1":"product","2":"type-product","3":"status-publish","4":"has-post-thumbnail","6":"product_cat-fruits-tropicaux-bio","7":"product_tag-avocats","8":"product_tag-avocats-bio","9":"product_tag-bio-fr","10":"product_tag-fruits-tropicaux-bio","12":"first","13":"instock","14":"taxable","15":"shipping-taxable","16":"product-type-variable"},"_links":{"self":[{"href":"https:\/\/www.frutas-biobena.com\/fr\/wp-json\/wp\/v2\/product\/4396","targetHints":{"allow":["GET"]}}],"collection":[{"href":"https:\/\/www.frutas-biobena.com\/fr\/wp-json\/wp\/v2\/product"}],"about":[{"href":"https:\/\/www.frutas-biobena.com\/fr\/wp-json\/wp\/v2\/types\/product"}],"replies":[{"embeddable":true,"href":"https:\/\/www.frutas-biobena.com\/fr\/wp-json\/wp\/v2\/comments?post=4396"}],"wp:featuredmedia":[{"embeddable":true,"href":"https:\/\/www.frutas-biobena.com\/fr\/wp-json\/wp\/v2\/media\/4288"}],"wp:attachment":[{"href":"https:\/\/www.frutas-biobena.com\/fr\/wp-json\/wp\/v2\/media?parent=4396"}],"wp:term":[{"taxonomy":"product_brand","embeddable":true,"href":"https:\/\/www.frutas-biobena.com\/fr\/wp-json\/wp\/v2\/product_brand?post=4396"},{"taxonomy":"product_cat","embeddable":true,"href":"https:\/\/www.frutas-biobena.com\/fr\/wp-json\/wp\/v2\/product_cat?post=4396"},{"taxonomy":"product_tag","embeddable":true,"href":"https:\/\/www.frutas-biobena.com\/fr\/wp-json\/wp\/v2\/product_tag?post=4396"}],"curies":[{"name":"wp","href":"https:\/\/api.w.org\/{rel}","templated":true}]}}

<h3>Avocat Hass bio issu de l&rsquo;agriculture biologique contrôlée.</h3>
<p>Nos avocats bio proviennent exclusivement de fincas certifiées bio de la comarca de l&rsquo;Axarquia, région de Málaga-Andalousie. Le climat suptropical du sud de l&rsquo;Andalousie se prête parfaitement à la culture de fruits tropicaux.</p>
<p>L&rsquo;avocat de la variété Hass a une forme ronde et ovoïde. Elle pèse en moyenne 90 à 350 g. La peau est épaisse avec une texture rugueuse. Le fruit s&rsquo;épluche très facilement. La chair est de couleur blanche à verdâtre, elle est molle et a un goût de noisette. La teneur en huile est comprise entre 18% et 23%.</p>
<h3>Le temps de la récolte.</h3>
<p>Période de récolte de notre Avocado Hass : Novembre à avril</p>
<p>Nos avocats bio sont récoltés juste avant leur pleine maturité. Il est donc fort possible que l&rsquo;avocat bio que vous recevez de notre part ait encore besoin de quelques jours pour atteindre sa pleine maturité.</p>
<p>Les avocats mûrs de la variété Hass cèdent légèrement à la pression et la couleur de la peau devient noire.</p>
<p>Les avocats mûrissent plus rapidement à température ambiante. Ils peuvent également être conservés sans risque pendant une période prolongée au réfrigérateur.</p>

<p>Avocat Hass bio (non trié par pièce 90 &#8211; 350g) issu de l&rsquo;agriculture biologique contrôlée. Pays d&rsquo;origine : Espagne</p>
<p><strong>Le prix final comprend les frais de transport (avec GLS) et la TVA.</strong></p>
<p><strong>Selon la nouvelle réforme de la TVA de l&rsquo;UE, la TVA est automatiquement adaptée au pays de livraison.</strong></p>
